on factor of 35442030 and 8550?
570
Calculate the highest common divisor of 1294693317 and 2133.
711
What is the greatest common divisor of 5944 and 31888?
8
What is the highest common factor of 1162 and 1086968?
166
What is the highest common divisor of 679 and 69851931?
97
Calculate the greatest common factor of 459 and 1251855.
27
Calculate the greatest common divisor of 3094259 and 8027.
23
What is the highest common divisor of 4226130 and 1710?
90
Calculate the greatest common factor of 3344 and 994213.
209
Calculate the highest common factor of 775429 and 631514.
107
What is the greatest common divisor of 2533405 and 105?
35
Calculate the greatest common divisor of 12 and 293918592.
12
What is the highest common factor of 682 and 8469262?
62
What is the greatest common divisor of 311358 and 244?
2
Calculate the highest common factor of 8696 and 285368.
8
Calculate the greatest common factor of 142 and 8874077.
71
What is the greatest common divisor of 2849 and 14707?
77
What is the greatest common divisor of 278343 and 23790?
2379
Calculate the highest common divisor of 958977 and 49149.
1143
What is the greatest common divisor of 686475 and 324?
81
Calculate the greatest common factor of 318924 and 173772.
108
Calculate the highest common divisor of 2345176 and 64.
8
What is the greatest common divisor of 10851 and 130497743?
3617
Calculate the highest common factor of 105603 and 9.
3
Calculate the highest common factor of 94572 and 659377.
2627
What is the highest common factor of 1881 and 4938309?
171
What is the greatest common factor of 247150974 and 3?
3
Calculate the greatest common factor of 892 and 236505772.
892
What is the greatest common divisor of 1242846 and 2343?
33
What is the highest common factor of 16305924 and 140097?
3417
Calculate the highest common divisor of 7417 and 2084.
1
Calculate the greatest common factor of 864 and 18406944.
288
What is the highest common divisor of 817 and 1066508?
19
What is the greatest common factor of 960 and 27023190?
30
Calculate the greatest common divisor of 4202 and 38702712.
382
What is the highest common factor of 36891279 and 5142?
2571
What is the greatest common factor of 877860 and 99420?
60
Calculate the greatest common divisor of 247700 and 1272.
4
Calculate the greatest common divisor of 2120 and 160549720.
2120
Calculate the highest common factor of 5694219 and 15729.
321
What is the greatest common divisor of 125344 and 113087707?
3917
Calculate the highest common divisor of 102087 and 622269.
513
Calculate the highest common factor of 88 and 21704804.
44
Calculate the highest common factor of 115 and 30649179.
23
What is the highest common factor of 387682182 and 82278?
11754
Calculate the highest common divisor of 284310 and 33020.
130
What is the highest common factor of 3911328 and 2688?
96
What is the highest common divisor of 146 and 100496034?
146
Calculate the greatest common factor of 8162 and 1528673223.
4081
What is the greatest common divisor of 337755 and 6785?
115
Calculate the greatest common factor of 33428 and 104981.
61
Calculate the highest common factor of 4291608 and 60.
12
Calculate the highest common factor of 21607131 and 13.
13
What is the greatest common divisor of 126 and 65362038?
42
Calculate the greatest common factor of 30800 and 1672.
88
Calculate the greatest common factor of 3635275 and 175.
175
What is the highest common factor of 252224308 and 4216?
2108
Calculate the highest common factor of 5600 and 399805.
35
Calculate the greatest common factor of 1121825 and 775.
25
What is the greatest common factor of 1045 and 511385?
95
Calculate the greatest common factor of 5688579 and 65.
13
What is the highest common factor of 20 and 1647759580?
20
What is the greatest common divisor of 50955 and 1412520?
1185
Calculate the highest common divisor of 53823 and 547239.
231
Calculate the highest common factor of 1229729 and 731.
17
What is the greatest common factor of 1059597 and 40887?
693
What is the highest common divisor of 14865066 and 178506?
846
What is the greatest common divisor of 13568 and 2934768?
16
Calculate the highest common divisor of 8431890 and 20.
10
What is the highest common divisor of 44123976 and 216?
72
What is the greatest common divisor of 53 and 233083?
1
Calculate the highest common divisor of 428136974 and 5716.
2858
Calculate the highest common factor of 370 and 393951210.
370
What is the highest common factor of 846 and 3740354?
94
What is the highest common divisor of 285363 and 3078?
81
What is the greatest common divisor of 1454 and 44846449?
727
What is the highest common divisor of 653016 and 413448?
3864
Calculate the greatest common divisor of 1720 and 6048810.
430
Calculate the greatest common divisor of 396175 and 144325.
575
What is the highest common factor of 39334662 and 3690?
738
What is the highest common factor of 4282069 and 138589?
473
Calculate the highest common factor of 255408 and 23596.
68
What is the highest common factor of 410 and 1126870?
10
Calculate the highest common factor of 560 and 1123860.
20
What is the greatest common divisor of 2400 and 87277200?
1200
Calculate the highest common divisor of 2615023 and 291.
97
Calculate the greatest common divisor of 203 and 24329753.
203
Calculate the highest common divisor of 139843 and 1111.
11
Calculate the highest common factor of 76321161 and 55755.
3717
What is the highest common divisor of 217241663 and 379?
379
Calculate the highest common factor of 148 and 102000749.
37
What is the greatest common factor of 234 and 9127066?
26
Calculate the greatest common factor of 204 and 91191213.
51
Calculate the greatest common divisor of 803424 and 21792.
96
Calculate the highest common factor of 28381047 and 15.
3
Calculate the greatest common divisor of 194690 and 30.
10
What is the greatest common divisor of 20 and 3021290?
10
What is the highest common factor of 8105 and 478368447?
1621
Calculate the highest common divisor of 112096 and 124192.
32
Calculate the highest common factor of 3855864 and 73617.
1389
What is the highest common factor of 64111 and 18544?
61
Calculate the highest common divisor of 1720 and 13569140.
20
Calculate the greatest common factor of 90 and 9352026.
18
Calculate the highest common divisor of 484 and 801556.
4
What is the greatest common factor of 535599 and 429483?
717
Calculate the greatest common divisor of 700 and 4340924.
28
What is the highest common factor of 267 and 1312885725?
267
What is the greatest common divisor of 6393261 and 190547?
1169
Calculate the highest common factor of 5528599 and 1720213.
9199
Calculate the highest common factor of 512164 and 26239.
19
Calculate the greatest common factor of 207 and 139141743.
69
Calculate the highest common divisor of 4318 and 2262122.
34
Calculate the greatest common factor of 55 and 11987129.
11
What is the highest common factor of 37216234 and 8?
2
Calculate the highest common divisor of 55 and 1162029.
11
What is the highest common factor of 216 and 924022836?
108
Calculate the greatest common divisor of 8005104 and 9.
9
What is the greatest common factor of 3783 and 259779?
39
What is the greatest common factor of 102467504 and 128?
16
What is the highest common divisor of 525 and 54466475?
175
Calculate the highest common divisor of 11458 and 42285749.
5729
Calculate the greatest common divisor of 2706 and 9416880.
2706
Calculate the greatest common divisor of 389598 and 2354.
22
What is the greatest common factor of 245692 and 412228?
1028
Calculate the greatest common divisor of 8400 and 900375.
525
Calculate the greatest common factor of 110318565 and 135.
15
What is the greatest common factor of 13164 and 25344?
12
Calculate the highest common divisor of 6241240 and 126712.
2696
What is the highest common divisor of 2388 and 5127633?
597
Calculate the highest common divisor of 8144960 and 5.
5
What is the highest common divisor of 211224 and 592?
8
What is the greatest common divisor of 3893 and 47549?
17
Calculate the highest common divisor of 6435 and 7859995.
715
What is the greatest common divisor of 38287179 and 81?
9
Calculate the highest common factor of 6692 and 1055642.
14
What is the highest common factor of 741 and 2617134?
